5)/(((-9)/120)/((-23)/(-92))).
2, 41, 101
List the prime factors of (-27)/54*-4*3865.
2, 5, 773
Suppose -v - 491 = -3*x, 3*x - 651 = -3*v - 168. Let r = 2246 - x. Suppose 793 = -5*t + r. What are the prime factors of t?
2, 3, 43
Let a = 214 - 228. List the prime factors of (0/(-3) + 4/a)*-763.
2, 109
Let n = -16608 - -24502. List the prime factors of n.
2, 3947
Let n = 141 - 137. Let c be 21/n + (-9)/(-12). Suppose -c*r = -12*r + 1278. List the prime factors of r.
3, 71
Let z(o) = -28*o - 1. Let v be z(-2). Suppose 1 - v = -2*d. Suppose -d + 7 = -t. List the prime factors of t.
2, 5
Let q(v) = -15*v - 37. Let n be q(-6). Let t = -47 + n. List the prime factors of (-5 - 242/t)*3/(-2).
2, 17
Let a(p) = -4*p**2 + 5*p - 16. Let g(x) = x**2 - 2*x + 5. Let w(f) = 2*a(f) + 7*g(f). Let c be w(-3). List the prime factors of (2/c)/(-4*4/(-1488)).
31
Suppose 0 = 3*j - 5*j. Let g(k) = -k**2 + 36*k - 28. Let m be g(35). Suppose j = 3*v - m - 71. What are the prime factors of v?
2, 13
Let f(q) = 5*q**2 - 5*q - 12. Let x = -77 + 112. Let r = x + -37. List the prime factors of f(r).
2, 3
Let v(i) = 2546*i**2 + 14*i - 7. What are the prime factors of v(-4)?
89, 457
Let o(i) = 10*i + 13*i + 12*i - 36*i - i**3 - 5*i**2 + 3. Let j be o(-5). List the prime factors of 6/j + 8281/52.
2, 5
Let a(c) be the second derivative of 151*c**3/3 - 2*c**2 + 90*c. List the prime factors of a(2).
2, 3, 5
Let u(f) = -7*f**3 + 39*f**2 + 83*f - 87. Let i(s) = -3*s**3 + 19*s**2 + 42*s - 43. Let b(h) = 5*i(h) - 2*u(h). What are the prime factors of b(19)?
73
Let a(r) = 2*r + 22. Let v be a(-11). Suppose 2*k - 458 = -z, k + v*k + z = 229. Suppose 0 = -2*t + k - 81. What are the prime factors of t?
2, 37
Let v(a) = -6*a**2 - 20*a - 2. Let p be v(-16). Let w be (2/(-6))/(2/p). Suppose -2*y = -5*l + w, -2*l - 2*y + 84 = -0*y. What are the prime factors of l?
41
Suppose -3*j + 64930 = 2*j - 4*r, 4*j = 4*r + 51948. What are the prime factors of j?
2, 6491
Suppose -2*n = -18*d + 13*d - 301, 6*d = -5*n + 697. Let i(z) = -4*z**2 - 3*z + 4. Let y be i(4). Let x = y + n. List the prime factors of x.
71
Let d(h) = 73*h**2 + 29*h - 493. What are the prime factors of d(12)?
7, 1481
What are the prime factors of (0 + 4 + -2)*11870887/742?
7, 653
Suppose 3*w + 1 = 5*y, 12*y - 4 = 7*y + 2*w. Suppose -y*s = u - 777, -2*s + 776 = 11*u - 9*u. List the prime factors of s.
389
Let w(x) be the second derivative of -1/6*x**3 + 12*x - 4*x**2 + 0 + 13/12*x**4. List the prime factors of w(3).
2, 53
Let c = 89 + -70. Suppose -2*f + c = n + 7, -4*n = f - 13. Suppose n*m - 221 = -k, m - 4*k = -4*m + 546. What are the prime factors of m?
2, 5, 11
Let k(t) = 23*t**3 - 4*t**2 + 7*t - 10. Let v be k(3). Let g = v + 163. What are the prime factors of g?
3, 11, 23
Let f(o) = o**2 - 12*o - 4. Let s be f(11). Let x be (s*(-2)/9)/2*3. Suppose -4*t + 3*l + 70 + 97 = 0, -x*t - 5*l + 235 = 0. What are the prime factors of t?
2, 11
Suppose -14*g = -26*g - 4476. Let y = 258 - g. What are the prime factors of y?
631
What are the prime factors of 44*58 - (36 + -24)?
2, 5, 127
Let h = 881 - 136. Let p = h + -486. List the prime factors of p.
7, 37
Let u(d) be the first derivative of d**4/4 + 14*d**3/3 - 26*d**2 + 11*d - 68. List the prime factors of u(-17).
2, 7
Let b be (34 - 26) + 5*1. Suppose 3*z - 7472 = -b*z. List the prime factors of z.
467
Suppose 238 = 4*k - 394. Let c = k - -30. Let i = c + -50. What are the prime factors of i?
2, 3, 23
Let n = 35613 + -20042. What are the prime factors of n?
23, 677
Let j = 91 + -175. Let o(c) = 21*c + 2. Let z be o(7). Let y = j + z. What are the prime factors of y?
5, 13
Let b = 377 + -338. Suppose b*q - 2700 = 35*q. What are the prime factors of q?
3, 5
Let u = 11397 + -8316. List the prime factors of u.
3, 13, 79
Let a(g) = g**3 - 9*g**2 + 11*g - 22. Let o be a(8). Suppose 0 = -4*t - 5*v - 623, 4*t + o*v - 185 = -811. Let j = 232 + t. What are the prime factors of j?
3, 5
Let n(b) = -31*b**2 + 66*b. Let d be n(2). What are the prime factors of d/(-56) - (-6483)/7?
2, 463
Suppose 180*f - 297*f = -485316. What are the prime factors of f?
2, 17, 61
Let b be 37/(4 + 23/(-6)). Suppose 0 = 8*c - 202 - b. What are the prime factors of c?
53
Suppose 0 = 9*n - 5*l - 218210, -59232 - 61986 = -5*n + 4*l. What are the prime factors of n?
2, 5, 97
Let w(r) be the third derivative of -r**6/720 + 2*r**5/15 - 7*r**4/12 - 11*r**2. Let l(z) be the second derivative of w(z). What are the prime factors of l(0)?
2
Let n(i) = 2965*i - 2890. List the prime factors of n(10).
2, 3, 5, 223
Let h be (-53)/(2*4/(-16)). Let s = 297 + -232. Let b = h - s. What are the prime factors of b?
41
Suppose -25*c + 32*c = 21. Suppose 15 - 636 = -c*a. What are the prime factors of a?
3, 23
Let u be -2 + ((-25)/15)/(2/(-180)). Let x = 490 - u. Suppose -4*b + x + 198 = 0. List the prime factors of b.
3, 5
List the prime factors of (-18)/(-90)*2*(68719/2 + 3).
5, 2749
Suppose 0 = 3*n - 6*y + 4*y - 8007, n + 3*y - 2669 = 0. What are the prime factors of n?
17, 157
Let s be (-1)/5 - 6776/70. Let y(l) = l**3 + 5*l**2 + l + 4. Let d be y(4). Let t = d + s. What are the prime factors of t?
5, 11
Let u(j) = 43*j**2 - 2*j + 22. List the prime factors of u(21).
19, 997
Suppose 4*t + 219 = 2*m - 2745, -2*m + 5*t + 2963 = 0. Suppose 2*n - m = -58. Suppose 3*k = 5*o + 2*k - 728, n = 5*o + 4*k. What are the prime factors of o?
5, 29
Let g(m) be the first derivative of m**3/3 - 2*m**2 - 11*m - 2. Let f be g(5). What are the prime factors of 115 - (16/24 + 4/f)?
5, 23
Suppose 2*o + 3*d = 3*o - 15, -20 = 3*o + 4*d. Suppose -5*f + 18 - 49 = -2*c, c + f + 2 = o. Suppose c*h - 2 = 16. List the prime factors of h.
2, 3
Let c(o) = -405*o - 94. Let h be c(-5). Suppose -218 = 2*y + 5*r - 1173, -3*r = 4*y - h. What are the prime factors of y?
5, 97
Let w(z) = 10*z**2 - 3*z - 4. Let a(x) = -4*x - 68. Let v be a(-18). Let q be (-7)/(v/8*-2) + -2. What are the prime factors of w(q)?
3, 7, 11
Let u be (-3 - 856/(-4))/1. Suppose -b - 8*a + 10*a = -u, -217 = -b + 5*a. What are the prime factors of b?
3, 23
Suppose 3*q - 7322 = -4*b, 0 = -5*b + 15 - 5. Suppose q = 13*w - 214. What are the prime factors of w?
2, 3, 17
Let h(q) = -797*q**3 - q**2 + 2*q + 2. Let k be h(-1). Suppose -5*c = -k + 66. Let x = 223 - c. List the prime factors of x.
7, 11
Suppose -8*p = -1523 + 155. Suppose -p = -4*u + 2341. List the prime factors of u.
2, 157
Let z = -12 + 14. Suppose -z*v = -5*f + 27, -5*f = -3*f - 2*v - 12. Let u(j) = 14*j + 3. List the prime factors of u(f).
73
Suppose 2*l - 1821 = -5*h, 0 = 5*l - 4*h - 1710 - 2892. Let o = -424 + l. What are the prime factors of o?
2, 13, 19
Let m(v) = 29*v - 25. Let l be m(0). Let a = 112 - l. What are the prime factors of a?
137
Let s(b) = -8*b**2 - 39*b + 74. Let q(m) = 33*m**2 + 161*m - 297. Let l(a) = -2*q(a) - 9*s(a). List the prime factors of l(-17).
7, 167
Let i(g) = -3*g + 23. Let s(b) = b**2 + b - 1. Let f(t) = 4*t**2 + 21*t + 5. Let j(n) = f(n) - 6*s(n). Let u be j(8). What are the prime factors of i(u)?
2, 7
Suppose -5*a + 57 + 276 = 3*v, 4*v = -a + 444. Let c = v - 71. Suppose 86*t + c = 87*t. What are the prime factors of t?
2, 5
Let p(n) = 169*n**2 + 17*n - 25. List the prime factors of p(4).
41, 67
Suppose 28 = 20*h + 108. What are the prime factors of h/(-9) + (-23296)/(-72)?
2, 3
Let d be -4 + 1712/(-12)*-42. Suppose -44*h + 32*h = -d. What are the prime factors of h?
499
Suppose 0 = -984*a + 981*a + 27804. What are the prime factors of a?
2, 7, 331
Suppose -2690 = -9*n - 494. Let k = 428 + n. List the prime factors of k.
2, 3, 7
Let g(p) = -p - 5. Let d be g(-7). Suppose 0 = 3*c - 3*s + 9, c + 2*s = 5 - d. What are the prime factors of 12/(-12) - c*104?
103
Let s = 45 - 54. Let a be (8/(24/s))/(-1). Suppose 292 = a*d - 5*o, -2*d - 4*o = -o - 182. What are the prime factors of d?
2, 47
Let q(f) = 4*f - 69. Let j be q(19). Suppose -i = -5, 0 = 5*m - i - 5176 - 2694. Suppose 2*s + j*s - m = 0. What are the prime factors of s?
5, 7
Suppose -268455 - 84585 = -24*b. List the prime factors of b.
2, 5, 1471
Let a = -1385 + 986. Let g = 776 + a. What are the prime factors of g?
13, 29
Suppose -5*d - 5*r + 25925 = 540, -d + 5*r + 5107 = 0. Suppose 0 = 23*g - 12*g - d. List the prime factors of g.
2, 3, 7, 11
Let